{"id":1047,"date":"2020-01-08T14:58:00","date_gmt":"2020-01-08T14:58:00","guid":{"rendered":"https:\/\/generaltrafo.hu\/?page_id=1047"},"modified":"2020-01-11T08:17:18","modified_gmt":"2020-01-11T08:17:18","slug":"company-profile","status":"publish","type":"page","link":"https:\/\/generaltrafo.hu\/en\/company-profile\/","title":{"rendered":"Company profile"},"content":{"rendered":"","protected":false},"excerpt":{"rendered":"","protected":false},"author":1,"featured_media":893,"parent":0,"menu_order":0,"comment_status":"closed","ping_status":"closed","template":"","meta":{"footnotes":""},"yoast_head":"<!-- This site is optimized with the Yoast SEO plugin v21.5 - https:\/\/yoast.com\/wordpress\/plugins\/seo\/ -->\n<title>Company profile &#183; Stub\u00e1n Gener\u00e1l Trafo Villamosg\u00e9pjav\u00edt\u00f3 Zrt<\/title>\n<meta name=\"robots\" content=\"index, follow, max-snippet:-1, max-image-preview:large, max-video-preview:-1\" \/>\n<link rel=\"canonical\" href=\"https:\/\/generaltrafo.hu\/en\/company-profile\/\" \/>\n<meta property=\"og:locale\" content=\"en_US\" \/>\n<meta property=\"og:type\" content=\"article\" \/>\n<meta property=\"og:title\" content=\"Company profile &#183; Stub\u00e1n Gener\u00e1l Trafo Villamosg\u00e9pjav\u00edt\u00f3 Zrt\" \/>\n<meta property=\"og:url\" content=\"https:\/\/generaltrafo.hu\/en\/company-profile\/\" \/>\n<meta property=\"og:site_name\" content=\"Stub\u00e1n Gener\u00e1l Trafo Villamosg\u00e9pjav\u00edt\u00f3 Zrt\" \/>\n<meta property=\"article:modified_time\" content=\"2020-01-11T08:17:18+00:00\" \/>\n<meta property=\"og:image\" content=\"https:\/\/i0.wp.com\/generaltrafo.hu\/wp-content\/uploads\/2019\/12\/transmission-towers.jpg?fit=1920%2C1115&ssl=1\" \/>\n\t<meta property=\"og:image:width\" content=\"1920\" \/>\n\t<meta property=\"og:image:height\" content=\"1115\" \/>\n\t<meta property=\"og:image:type\" content=\"image\/jpeg\" \/>\n<meta name=\"twitter:card\" content=\"summary_large_image\" \/>\n<script type=\"application\/ld+json\" class=\"yoast-schema-graph\">{\"@context\":\"https:\/\/schema.org\",\"@graph\":[{\"@type\":\"WebPage\",\"@id\":\"https:\/\/generaltrafo.hu\/en\/company-profile\/\",\"url\":\"https:\/\/generaltrafo.hu\/en\/company-profile\/\",\"name\":\"Company profile &#183; Stub\u00e1n Gener\u00e1l Trafo Villamosg\u00e9pjav\u00edt\u00f3 Zrt\",\"isPartOf\":{\"@id\":\"https:\/\/generaltrafo.hu\/#website\"},\"datePublished\":\"2020-01-08T14:58:00+00:00\",\"dateModified\":\"2020-01-11T08:17:18+00:00\",\"breadcrumb\":{\"@id\":\"https:\/\/generaltrafo.hu\/en\/company-profile\/#breadcrumb\"},\"inLanguage\":\"en-US\",\"potentialAction\":[{\"@type\":\"ReadAction\",\"target\":[\"https:\/\/generaltrafo.hu\/en\/company-profile\/\"]}]},{\"@type\":\"BreadcrumbList\",\"@id\":\"https:\/\/generaltrafo.hu\/en\/company-profile\/#breadcrumb\",\"itemListElement\":[{\"@type\":\"ListItem\",\"position\":1,\"name\":\"Home\",\"item\":\"https:\/\/generaltrafo.hu\/en\/\"},{\"@type\":\"ListItem\",\"position\":2,\"name\":\"Company profile\"}]},{\"@type\":\"WebSite\",\"@id\":\"https:\/\/generaltrafo.hu\/#website\",\"url\":\"https:\/\/generaltrafo.hu\/\",\"name\":\"Stub\u00e1n Gener\u00e1l Trafo Villamosg\u00e9pjav\u00edt\u00f3 Zrt\",\"description\":\"F\u0151 tev\u00e9kenys\u00e9g\u00fcnk az \u00e1rameloszt\u00f3, -szab\u00e1lyoz\u00f3 k\u00e9sz\u00fcl\u00e9k gy\u00e1rt\u00e1sa. Stub\u00e1n Gener\u00e1l Trafo\",\"publisher\":{\"@id\":\"https:\/\/generaltrafo.hu\/#organization\"},\"potentialAction\":[{\"@type\":\"SearchAction\",\"target\":{\"@type\":\"EntryPoint\",\"urlTemplate\":\"https:\/\/generaltrafo.hu\/?s={search_term_string}\"},\"query-input\":\"required name=search_term_string\"}],\"inLanguage\":\"en-US\"},{\"@type\":\"Organization\",\"@id\":\"https:\/\/generaltrafo.hu\/#organization\",\"name\":\"Stub\u00e1n Gener\u00e1l Trafo\",\"url\":\"https:\/\/generaltrafo.hu\/\",\"logo\":{\"@type\":\"ImageObject\",\"inLanguage\":\"en-US\",\"@id\":\"https:\/\/generaltrafo.hu\/#\/schema\/logo\/image\/\",\"url\":\"https:\/\/generaltrafo.hu\/wp-content\/uploads\/2020\/01\/circle-cropped.png\",\"contentUrl\":\"https:\/\/generaltrafo.hu\/wp-content\/uploads\/2020\/01\/circle-cropped.png\",\"width\":143,\"height\":143,\"caption\":\"Stub\u00e1n Gener\u00e1l Trafo\"},\"image\":{\"@id\":\"https:\/\/generaltrafo.hu\/#\/schema\/logo\/image\/\"}}]}<\/script>\n<!-- \/ Yoast SEO plugin. -->","yoast_head_json":{"title":"Company profile &#183; Stub\u00e1n Gener\u00e1l Trafo Villamosg\u00e9pjav\u00edt\u00f3 Zrt","robots":{"index":"index","follow":"follow","max-snippet":"max-snippet:-1","max-image-preview":"max-image-preview:large","max-video-preview":"max-video-preview:-1"},"canonical":"https:\/\/generaltrafo.hu\/en\/company-profile\/","og_locale":"en_US","og_type":"article","og_title":"Company profile &#183; Stub\u00e1n Gener\u00e1l Trafo Villamosg\u00e9pjav\u00edt\u00f3 Zrt","og_url":"https:\/\/generaltrafo.hu\/en\/company-profile\/","og_site_name":"Stub\u00e1n Gener\u00e1l Trafo Villamosg\u00e9pjav\u00edt\u00f3 Zrt","article_modified_time":"2020-01-11T08:17:18+00:00","og_image":[{"width":1920,"height":1115,"url":"https:\/\/i0.wp.com\/generaltrafo.hu\/wp-content\/uploads\/2019\/12\/transmission-towers.jpg?fit=1920%2C1115&ssl=1","type":"image\/jpeg"}],"twitter_card":"summary_large_image","schema":{"@context":"https:\/\/schema.org","@graph":[{"@type":"WebPage","@id":"https:\/\/generaltrafo.hu\/en\/company-profile\/","url":"https:\/\/generaltrafo.hu\/en\/company-profile\/","name":"Company profile &#183; Stub\u00e1n Gener\u00e1l Trafo Villamosg\u00e9pjav\u00edt\u00f3 Zrt","isPartOf":{"@id":"https:\/\/generaltrafo.hu\/#website"},"datePublished":"2020-01-08T14:58:00+00:00","dateModified":"2020-01-11T08:17:18+00:00","breadcrumb":{"@id":"https:\/\/generaltrafo.hu\/en\/company-profile\/#breadcrumb"},"inLanguage":"en-US","potentialAction":[{"@type":"ReadAction","target":["https:\/\/generaltrafo.hu\/en\/company-profile\/"]}]},{"@type":"BreadcrumbList","@id":"https:\/\/generaltrafo.hu\/en\/company-profile\/#breadcrumb","itemListElement":[{"@type":"ListItem","position":1,"name":"Home","item":"https:\/\/generaltrafo.hu\/en\/"},{"@type":"ListItem","position":2,"name":"Company profile"}]},{"@type":"WebSite","@id":"https:\/\/generaltrafo.hu\/#website","url":"https:\/\/generaltrafo.hu\/","name":"Stub\u00e1n Gener\u00e1l Trafo Villamosg\u00e9pjav\u00edt\u00f3 Zrt","description":"F\u0151 tev\u00e9kenys\u00e9g\u00fcnk az \u00e1rameloszt\u00f3, -szab\u00e1lyoz\u00f3 k\u00e9sz\u00fcl\u00e9k gy\u00e1rt\u00e1sa. Stub\u00e1n Gener\u00e1l Trafo","publisher":{"@id":"https:\/\/generaltrafo.hu\/#organization"},"potentialAction":[{"@type":"SearchAction","target":{"@type":"EntryPoint","urlTemplate":"https:\/\/generaltrafo.hu\/?s={search_term_string}"},"query-input":"required name=search_term_string"}],"inLanguage":"en-US"},{"@type":"Organization","@id":"https:\/\/generaltrafo.hu\/#organization","name":"Stub\u00e1n Gener\u00e1l Trafo","url":"https:\/\/generaltrafo.hu\/","logo":{"@type":"ImageObject","inLanguage":"en-US","@id":"https:\/\/generaltrafo.hu\/#\/schema\/logo\/image\/","url":"https:\/\/generaltrafo.hu\/wp-content\/uploads\/2020\/01\/circle-cropped.png","contentUrl":"https:\/\/generaltrafo.hu\/wp-content\/uploads\/2020\/01\/circle-cropped.png","width":143,"height":143,"caption":"Stub\u00e1n Gener\u00e1l Trafo"},"image":{"@id":"https:\/\/generaltrafo.hu\/#\/schema\/logo\/image\/"}}]}},"_links":{"self":[{"href":"https:\/\/generaltrafo.hu\/en\/wp-json\/wp\/v2\/pages\/1047"}],"collection":[{"href":"https:\/\/generaltrafo.hu\/en\/wp-json\/wp\/v2\/pages"}],"about":[{"href":"https:\/\/generaltrafo.hu\/en\/wp-json\/wp\/v2\/types\/page"}],"author":[{"embeddable":true,"href":"https:\/\/generaltrafo.hu\/en\/wp-json\/wp\/v2\/users\/1"}],"replies":[{"embeddable":true,"href":"https:\/\/generaltrafo.hu\/en\/wp-json\/wp\/v2\/comments?post=1047"}],"version-history":[{"count":4,"href":"https:\/\/generaltrafo.hu\/en\/wp-json\/wp\/v2\/pages\/1047\/revisions"}],"predecessor-version":[{"id":1224,"href":"https:\/\/generaltrafo.hu\/en\/wp-json\/wp\/v2\/pages\/1047\/revisions\/1224"}],"wp:featuredmedia":[{"embeddable":true,"href":"https:\/\/generaltrafo.hu\/en\/wp-json\/wp\/v2\/media\/893"}],"wp:attachment":[{"href":"https:\/\/generaltrafo.hu\/en\/wp-json\/wp\/v2\/media?parent=1047"}],"curies":[{"name":"wp","href":"https:\/\/api.w.org\/{rel}","templated":true}]}}

<!-- This site is optimized with the Yoast SEO plugin v21.5 - https://yoast.com/wordpress/plugins/seo/ -->
<title>Company profile &#183; Stubán Generál Trafo Villamosgépjavító Zrt</title>
<meta name="robots" content="index, follow, max-snippet:-1, max-image-preview:large, max-video-preview:-1" />
<link rel="canonical" href="https://generaltrafo.hu/en/company-profile/" />
<meta property="og:locale" content="en_US" />
<meta property="og:type" content="article" />
<meta property="og:title" content="Company profile &#183; Stubán Generál Trafo Villamosgépjavító Zrt" />
<meta property="og:url" content="https://generaltrafo.hu/en/company-profile/" />
<meta property="og:site_name" content="Stubán Generál Trafo Villamosgépjavító Zrt" />
<meta property="article:modified_time" content="2020-01-11T08:17:18+00:00" />
<meta property="og:image" content="https://i0.wp.com/generaltrafo.hu/wp-content/uploads/2019/12/transmission-towers.jpg?fit=1920%2C1115&ssl=1" />
	<meta property="og:image:width" content="1920" />
	<meta property="og:image:height" content="1115" />
	<meta property="og:image:type" content="image/jpeg" />
<meta name="twitter:card" content="summary_large_image" />
<script type="application/ld+json" class="yoast-schema-graph">{"@context":"https://schema.org","@graph":[{"@type":"WebPage","@id":"https://generaltrafo.hu/en/company-profile/","url":"https://generaltrafo.hu/en/company-profile/","name":"Company profile &#183; Stubán Generál Trafo Villamosgépjavító Zrt","isPartOf":{"@id":"https://generaltrafo.hu/#website"},"datePublished":"2020-01-08T14:58:00+00:00","dateModified":"2020-01-11T08:17:18+00:00","breadcrumb":{"@id":"https://generaltrafo.hu/en/company-profile/#breadcrumb"},"inLanguage":"en-US","potentialAction":[{"@type":"ReadAction","target":["https://generaltrafo.hu/en/company-profile/"]}]},{"@type":"BreadcrumbList","@id":"https://generaltrafo.hu/en/company-profile/#breadcrumb","itemListElement":[{"@type":"ListItem","position":1,"name":"Home","item":"https://generaltrafo.hu/en/"},{"@type":"ListItem","position":2,"name":"Company profile"}]},{"@type":"WebSite","@id":"https://generaltrafo.hu/#website","url":"https://generaltrafo.hu/","name":"Stubán Generál Trafo Villamosgépjavító Zrt","description":"Fő tevékenységünk az áramelosztó, -szabályozó készülék gyártása. Stubán Generál Trafo","publisher":{"@id":"https://generaltrafo.hu/#organization"},"potentialAction":[{"@type":"SearchAction","target":{"@type":"EntryPoint","urlTemplate":"https://generaltrafo.hu/?s={search_term_string}"},"query-input":"required name=search_term_string"}],"inLanguage":"en-US"},{"@type":"Organization","@id":"https://generaltrafo.hu/#organization","name":"Stubán Generál Trafo","url":"https://generaltrafo.hu/","logo":{"@type":"ImageObject","inLanguage":"en-US","@id":"https://generaltrafo.hu/#/schema/logo/image/","url":"https://generaltrafo.hu/wp-content/uploads/2020/01/circle-cropped.png","contentUrl":"https://generaltrafo.hu/wp-content/uploads/2020/01/circle-cropped.png","width":143,"height":143,"caption":"Stubán Generál Trafo"},"image":{"@id":"https://generaltrafo.hu/#/schema/logo/image/"}}]}</script>
<!-- / Yoast SEO plugin. -->

Company profile &#183; Stubán Generál Trafo Villamosgépjavító Zrt

Stubán Generál Trafo Villamosgépjavító Zrt

Fő tevékenységünk az áramelosztó, -szabályozó készülék gyártása. Stubán Generál Trafo

Stubán Generál Trafo
